t v(o) = 10*o - 39. Let j be v(5). Suppose -z - 10 = -8. Let y = z + 35. Calculate the highest common divisor of j and y.
11
Let u(k) = 6*k**2 - 14*k - 33. Let o be u(5). Let d(f) = f**3 - 49*f**2 + 95*f - 28. Let l be d(o). What is the highest common factor of 817 and l?
19
Let p(a) = 4*a**2 - 7*a - 83. Let f be p(7). Let o be 6/(-51) - 2044/(-34). Suppose 5*y + 20 = o. What is the highest common divisor of f and y?
8
Let j be 7*(-6)/(-10) - (-20)/(-100). Suppose 5*d - 490 = j*y, 0 = 2*d + y + y - 196. Calculate the greatest common factor of d and 2.
2
Let j = 17 - 5. Let r(o) = 143*o**2 - 3*o + 3. Let d be r(1). Suppose y = 149 - d. Calculate the greatest common factor of j and y.
6
Let j = 4063 - 2516. What is the highest common divisor of j and 1071?
119
Suppose -195 = -3*n - 5*j, -4*n - j - 2*j + 249 = 0. Let r = n + 20. Suppose 0 = 4*f - 32 - r. Calculate the highest common divisor of 7 and f.
7
Let z be ((-348)/32)/((-53)/424). What is the greatest common factor of 1856 and z?
29
Let b = -29 - -32. Suppose 4*p - 4*r - 134 = -r, -2*r = -4. Let k = p - b. Calculate the highest common divisor of k and 8.
8
Suppose -93*u - 214 + 1625 = -12539. What is the highest common factor of 2610 and u?
30
Let r = -392 - -404. Suppose 4*i + r = z, -3*z - i = -25 - 63. Calculate the greatest common divisor of z and 35.
7
Suppose 0 = 3*p + 3*c - 1536, 31*p - 5*c + 3066 = 37*p. What is the highest common factor of p and 946?
22
Let t(h) = 21*h**2 - 254*h + 1849. Let g be t(7). Calculate the highest common divisor of 88 and g.
44
Suppose -19*r + 13*r = -9*r + 16647. Calculate the highest common divisor of 31 and r.
31
Let o be (37 + -2)*(-10961)/(-565). What is the highest common factor of o and 1552?
97
Let n(p) = -p + 21. Let a be n(16). Suppose -6*o + 5*o = -3, a*l - 2*o = 14. Suppose -l*r + 8*r - 104 = 0. Calculate the highest common divisor of 65 and r.
13
Suppose -4*n + 750 = -2682. Suppose -3*d + n = -h, -h - 624 + 51 = -2*d. Calculate the greatest common factor of 57 and d.
57
Suppose 3*i + 1050 = u + 1002, -5*u + 5*i = -200. What is the greatest common factor of 1116 and u?
36
Let z = -1030 + 1744. Let m = 207 - 186. What is the highest common factor of z and m?
21
Let m = 25887 + -25837. What is the greatest common divisor of 270 and m?
10
Suppose 59*j = 139 + 392. Calculate the highest common divisor of 117 and j.
9
Let t = 1533 + -1417. What is the greatest common divisor of t and 841?
29
Let i = 65 - 67. Let n(r) = 113*r - 1. Let a(g) = 1. Let u(y) = -3*a(y) - n(y). Let o be u(i). What is the highest common factor of o and 28?
28
Suppose 0 = 5*s + 3*r - 3278, -71*s + 76*s - 3280 = -5*r. What is the highest common divisor of 35 and s?
5
Let y be ((-7 - -5)*-4)/(2 - 4). Let n = 0 - y. Suppose 52 = 5*c + 2*z, 5*c - n*z - 47 = -z. What is the highest common factor of 40 and c?
10
Suppose 35*p = 34*p + 2. Suppose -y - 3*j - 143 = 0, p*y = 2*j + 3*j - 275. Let g = y + 212. Calculate the highest common divisor of g and 24.
24
Let m = -40 + 82. Suppose 0 = -5*l - 4*a + 98, -2*l = 7*a - 2*a - 46. What is the greatest common divisor of l and m?
6
Let m(j) = -17*j - 182. Let v(a) = 25*a + 275. Let o(x) = 7*m(x) + 5*v(x). Let q be o(-4). Calculate the greatest common divisor of 33 and q.
11
Let y(v) = -7*v**2 - 53*v + 11. Let k(z) = -20*z**2 - 161*z + 34. Let b(t) = 3*k(t) - 8*y(t). Let i be b(-14). Calculate the highest common factor of 252 and i.
28
Let x(l) = 4*l + 72. Let d be x(-13). Let j be 20/50 - (-292)/d. What is the greatest common divisor of 54 and j?
3
Suppose 7*w - 4*w + 4*k - 2196 = 0, -w - 4*k + 732 = 0. What is the highest common factor of w and 120?
12
Let j = -1013 - -702. Let i = -180 - j. Suppose 3*h - a - 53 = 27, 4*a = 5*h - i. Calculate the highest common factor of h and 18.
9
Let y = -70 + 18. Suppose o = -5*p - 34, -2*p + 80 = -3*o - 39. Let q = o - y. What is the greatest common factor of 91 and q?
13
Let l = -65 + 156. Suppose -l*o = -96*o + 1600. What is the greatest common divisor of 10 and o?
10
Let k(x) = 8*x - 7*x - 127*x**3 + 2 + 125*x**3. Let w be k(-2). Suppose c - w = -c + 5*s, -5*c - 5*s = -110. Calculate the greatest common divisor of 9 and c.
9
Suppose -6 + 18 = -2*r + 4*m, -r + m - 1 = 0. Suppose 3*y - 119 = -4*u + 180, -r*y = -3*u + 218. What is the greatest common divisor of u and 555?
37
Suppose -11*j + 8703 = 5*v - 13*j, -v + 1727 = 3*j. Calculate the highest common factor of 94 and v.
47
Suppose -206080 = -48*w + 48*w - 140*w. What is the highest common divisor of w and 138?
46
Suppose -2*u - p = -30, -10*u - 5*p = -15*u + 45. Let a be 4/6 + 44/6. Suppose -u - 3 = -a*j. Calculate the highest common divisor of 2 and j.
2
Suppose 0 = -2*d + u + 9364, 3738*d - 3*u = 3733*d + 23412. Calculate the greatest common divisor of 840 and d.
120
Let x(v) = v**3 - 3*v**2 + 5*v - 3. Let m be x(2). Suppose 223 = m*a + 73. What is the highest common factor of a and 20?
10
Let z = 34 - 24. Let c(i) = -12*i - 25 + 60 + 32*i - 27. Let v be c(z). What is the highest common divisor of v and 13?
13
Suppose 36*h = -8*h + 3*h + 1845. Calculate the greatest common divisor of 3195 and h.
45
Let z(c) = c**3 + 17*c**2 + 37*c + 669. Let b be z(-17). What is the highest common factor of 3820 and b?
20
Let s = 15810 + -15640. Calculate the greatest common factor of 2822 and s.
34
Suppose -3*y + 238 = 4*o - 1145, 4*o = 4*y + 1348. Let d be (-96)/(-32)*143/39 - -559. Calculate the highest common factor of d and o.
114
Suppose -3*k + 579 = -438*q + 442*q, 3*q + 15*k = 447. Let v(m) = -3*m + 4. Let i be v(-4). What is the greatest common divisor of i and q?
16
Let w be (34/(-51))/((-6)/135). What is the greatest common divisor of w and 41?
1
Suppose -198*v + 59808 = -142*v. Calculate the greatest common factor of v and 801.
267
Suppose 178 - 466 = -9*y. Let u be (-2 + y)*(-476)/(-51). What is the greatest common divisor of u and 100?
20
Let p = -3819 - -3853. What is the highest common divisor of 102 and p?
34
Let d be (-8 + 6 - 0) + 0 + -105. Let n = d + 123. What is the highest common divisor of 512 and n?
16
Let l(k) = k**3 - 54*k**2 - 342*k - 476. Let m be l(60). Calculate the highest common divisor of m and 36.
4
Suppose 0 = -112*b + 118*b - 252. Calculate the highest common divisor of 63 and b.
21
Suppose 50 = -2*z - 2*s + 78, 6 = 2*s. Let c = -200 + 222. What is the highest common divisor of z and c?
11
Let u be ((-6)/(-9))/((-2)/(-6)). Let k(i) = 9*i. Let g be k(u). Let s = -14972 + 14996. Calculate the greatest common factor of g and s.
6
Let h be 1*2 + 3*(-40)/(-12). Let o be (2*2/h)/(4/(-24)). Let u be o + -1 + 147/7. What is the highest common factor of 54 and u?
18
Suppose 0 = -3*k + 5*k - 1664. Let l(u) = 73*u + 756. Let o be l(-10). Calculate the greatest common factor of k and o.
26
Let u be ((-12)/6 - -93) + -9 + 14. Calculate the greatest common factor of u and 108.
12
Suppose 0 = j + 4*n - 149, -38*n = -j - 36*n + 173. What is the highest common divisor of j and 48?
3
Let j be (84/(-10))/(-7) + ((-14228)/(-10) - 3). Calculate the greatest common divisor of j and 232.
29
Let t = -82089 + 82224. Suppose 7 = 3*s + a, s = 5*a + 5 + 8. Suppose s*g - 30 = 15. Calculate the highest common divisor of t and g.
15
Suppose 278*q + 4*d - 3700 = 273*q, 0 = 5*q - d - 3675. What is the greatest common factor of 2300 and q?
92
Let h be -2*1*(-1 + -2). Suppose -3*m + 17 + 10 = j, 5*m - 45 = -3*j. Suppose 14*y = m*y + 20. Calculate the greatest common factor of h and y.
2
Suppose -251 = 6*u - 683. Suppose -u + 74 = s. Calculate the highest common factor of s and 14.
2
Let c = -635 + 643. Suppose o + 3*i = 95, 13*i - 101 = -o + c*i. Calculate the highest common divisor of 129 and o.
43
Suppose 5*n - 4*n + 2305 = 4*r, 4*r = 5*n + 2325. Suppose -2602*d - 163 = -2607*d + 8*v, 4*v + 47 = d. Calculate the greatest common divisor of d and r.
23
Let s be ((-2)/(-16))/((-5)/40*1) + 6567. Calculate the greatest common factor of 42 and s.
14
Suppose 8*h - 30871 = -16231. Calculate the greatest common factor of h and 105.
15
Suppose -20742*r = -20698*r - 616. Suppose -p = 4*j - 31, -3*j - p + 4*p + 12 = 0. What is the highest common divisor of j and r?
7
Let o = 4512 - 3747. What is the highest common divisor of 17 and o?
17
Suppose -2*p = -14*p + 15